actor of 2548907?
True
Does 578 divide 3684172?
True
Does 18 divide 4200184?
False
Does 5 divide 39760?
True
Does 11 divide 145893?
True
Is 114 a factor of 3654042?
True
Does 1266 divide 936840?
True
Does 174 divide 200970?
True
Is 267428 a multiple of 28?
True
Does 2341 divide 8984758?
True
Is 4343358 a multiple of 188?
False
Is 123301 a multiple of 61?
False
Does 33 divide 7615377?
True
Is 1375616 a multiple of 128?
True
Is 16336694 a multiple of 61?
False
Does 23 divide 64657?
False
Is 3 a factor of 3139?
False
Is 3924510 a multiple of 3?
True
Is 12 a factor of 166889?
False
Does 14 divide 978040?
True
Is 132218 a multiple of 81?
False
Is 113965 a multiple of 23?
True
Does 23 divide 31836?
False
Is 4854613 a multiple of 1217?
True
Is 4008 a multiple of 4?
True
Does 9 divide 345654?
True
Does 4 divide 820858?
False
Does 25 divide 78239?
False
Is 1132181 even?
False
Is 131 a factor of 423422?
False
Does 4 divide 638000?
True
Is 136 a factor of 211616?
True
Does 24 divide 2718552?
True
Is 724100 a multiple of 85?
False
Is 599 a factor of 435473?
True
Is 322798 a multiple of 8?
False
Is 219853 a multiple of 57?
False
Is 71 a factor of 121623?
True
Is 7108114 a multiple of 8?
False
Is 102232 even?
True
Is 25296 a multiple of 51?
True
Is 6546979 a multiple of 11?
False
Does 18 divide 124278?
False
Does 240 divide 36240?
True
Is 320 a factor of 702080?
True
Does 369 divide 574153?
False
Is 40 a factor of 294400?
True
Is 26 a factor of 33098?
True
Is 42864 a multiple of 57?
True
Does 6 divide 2960874?
True
Is 157005 a multiple of 68?
False
Does 66 divide 419898?
False
Is 344608 a multiple of 176?
True
Is 578649 a multiple of 4?
False
Is 8033010 a multiple of 510?
True
Is 13 a factor of 35307?
False
Is 20357 a multiple of 4?
False
Is 1465468 a multiple of 85?
False
Is 39732 a multiple of 12?
True
Does 56 divide 3719576?
True
Is 998 a factor of 786508?
False
Does 139 divide 1859959?
True
Does 166 divide 846905?
False
Does 44 divide 1081256?
True
Is 290082 a multiple of 13?
True
Is 86 a factor of 938724?
False
Is 169880 a multiple of 60?
False
Does 182 divide 12835368?
True
Does 129 divide 407472?
False
Does 15 divide 1946055?
True
Is 2317099 a multiple of 16?
False
Is 334406 a multiple of 68?
False
Does 10 divide 34639?
False
Does 586 divide 894822?
True
Is 895 a factor of 624710?
True
Is 222696 even?
True
Is 5 a factor of 65760?
True
Does 238 divide 7562212?
True
Does 191 divide 2467095?
False
Is 64 a factor of 67072?
True
Is 5177 a multiple of 31?
True
Is 471852 a multiple of 153?
True
Is 389273 a multiple of 77?
False
Is 821 a factor of 7379148?
True
Does 110 divide 6589880?
True
Does 54 divide 858708?
True
Is 171510 a multiple of 19?
False
Is 2 a factor of 194888?
True
Is 12 a factor of 436848?
True
Does 11 divide 866074?
True
Is 374977 a multiple of 25?
False
Does 74 divide 30488?
True
Is 3743874 a multiple of 1107?
True
Does 462 divide 1498266?
True
Is 16 a factor of 50864?
True
Does 2 divide 1580336?
True
Is 58 a factor of 115198?
False
Does 198 divide 334818?
True
Does 1167 divide 22581688?
False
Does 92 divide 456106?
False
Does 20 divide 128100?
True
Does 142 divide 2721634?
False
Is 422 a factor of 3005062?
True
Is 18 a factor of 2662326?
True
Is 105 a factor of 847753?
False
Does 13 divide 16494?
False
Does 10 divide 224460?
True
Is 48319 a multiple of 152?
False
Is 5346 a multiple of 3?
True
Does 3 divide 52335?
True
Is 36 a factor of 559098?
False
Does 103 divide 10627437?
True
Is 221700 a multiple of 7?
False
Does 74 divide 90204?
False
Is 27335161 a multiple of 92?
False
Is 35868 a multiple of 6?
True
Is 590 a factor of 1918581?
False
Is 445650 a multiple of 25?
True
Does 1819 divide 7359674?
True
Is 24 a factor of 2949381?
False
Does 42 divide 92084?
False
Is 12 a factor of 436477?
False
Is 363 a factor of 683230?
False
Is 3546444 a multiple of 418?
False
Is 139 a factor of 103833?
True
Does 3 divide 52775?
False
Is 11535040 a multiple of 1160?
True
Is 26 a factor of 612066?
True
Does 9 divide 76228?
False
Is 4395643 a multiple of 94?
False
Is 1092834 a multiple of 193?
False
Is 165984 a multiple of 416?
True
Is 3 a factor of 34946?
False
Is 130149 a multiple of 5?
False
Is 132125 a multiple of 384?
False
Does 8 divide 183336?
True
Is 130 a factor of 456762?
False
Does 37 divide 12208409?
True
Is 96 a factor of 1259424?
True
Does 9 divide 128301?
False
Is 58029 a multiple of 398?
False
Is 321 a factor of 145834?
False
Is 923478 a multiple of 14?
False
Does 16 divide 135786?
False
Is 810 a factor of 17814170?
False
Is 334 a factor of 318970?
True
Is 25 a factor of 695025?
True
Is 37 a factor of 499796?
True
Does 91 divide 268996?
True
Does 61 divide 424801?
False
Does 17 divide 137777?
False
Is 69 a factor of 73002?
True
Is 140157 a multiple of 29?
True
Is 30 a factor of 325920?
True
Does 210 divide 6269560?
False
Is 2382033 a multiple of 245?
False
Is 11775875 a multiple of 1521?
False
Is 3 a factor of 92443?
False
Is 53861 a multiple of 52?
False
Is 71 a factor of 408469?
False
Is 634374 a multiple of 26?
True
Is 1987506 a multiple of 86?
False
Is 1996 a factor of 12582036?
False
Is 181303 a multiple of 41?
False
Does 20 divide 76040?
True
Is 3955861 even?
False
Does 24 divide 208468?
False
Is 2160543 a multiple of 7?
True
Is 13 a factor of 15983?
False
Is 38 a factor of 263872?
True
Is 18 a factor of 12124?
False
Is 2786648 a multiple of 6?
False
Is 2598956 a multiple of 16?
False
Does 16 divide 820015?
False
Is 1706420 a multiple of 205?
True
Does 258 divide 10787150?
False
Is 52 a factor of 6898008?
True
Does 66 divide 1326831?
False
Is 607416 a multiple of 53?
False
Is 59 a factor of 708459?
False
Does 253 divide 1556962?
True
Is 854 a multiple of 7?
True
Does 43 divide 48332?
True
Is 249 a factor of 37640?
False
Is 39 a factor of 5179729?
False
Is 395543 a multiple of 31?
False
Is 34069 a multiple of 7?
True
Is 1879 a factor of 4598859?
False
Is 1537038 a multiple of 5?
False
Is 72 a factor of 26703?
False
Does 13 divide 633990?
False
Is 28556 a multiple of 22?
True
Is 603650 a multiple of 50?
True
Is 19 a factor of 23617?
True
Does 62 divide 1792988?
False
Is 2 a factor of 5909?
False
Is 460489 a multiple of 61?
True
Is 480400 a multiple of 80?
True
Is 4601 even?
False
Is 143313 a multiple of 234?
False
Is 759 a factor of 2837901?
True
Is 18 a factor of 885083?
False
Does 5 divide 164777?
False
Does 123 divide 116235?
True
Is 80089 a multiple of 308?
False
Is 4130779 a multiple of 165?
False
Does 99 divide 1409285?
False
Is 166 a factor of 84494?
True
Is 66484 a multiple of 2?
True
Is 7 a factor of 124435?
False
Is 531 even?
False
Is 707417 a multiple of 61?
True
Is 268510 a multiple of 10?
True
Does 125 divide 247989?
False
Is 202540 a multiple of 205?
True
Is 5428 a multiple of 23?
True
Does 374 divide 4040767?
False
Is 11493349 a multiple of 238?
False
Is 47100 a multiple of 12?
True
Is 153 a factor of 296667?
True
Does 1609 divide 1321817?
False
Is 51545 a multiple of 5?
True
Does 1599 divide 1239225?
True
Does 36 divide 6192?
True
Does 131 divide 310510?
False
Is 52 a factor of 435137?
False
Is 623156 a multiple of 33?
False
Is 32 a factor of 323200?
True
Is 167331 a multiple of 51?
True
Does 206 divide 579199?
False
Does 35 divide 194145?
True
Does 19 divide 10757?
False
Does 14 divide 175406?
True
Is 5242345 a multiple of 21?
False
Does 32 divide 1556800?
True
Does 18 divide 35460?
True
Is 131328 a multiple of 48?
True
Does 32 divide 3276295?
False
Does 3 divide 17769?
True
Is 391432 a multiple of 413?
False
Is 11721 a multiple of 4?
False
Is 878 a factor of 2359186?
True
Does 12 divide 460195?
False
Is 3941569 a multiple of 19?
True
Is 12 a factor of 676580?
False
Is 181 a factor of 1538792?
False
Is 189 a factor of 70697?
False
Is 18 a factor of 8843310?
True
Is 754290 a multiple of 290?
True
Is 26190 a multiple of 30?
True
Is 1929440 a multiple of 40?
True
Is 8 a factor of 16353?
False
Is 1725984 a multiple of 48?
True
Is 20 a factor of 118420?
True
Is 18 a factor of 224838?
True
Is 128 a factor of 2614144?
True
Does 94 divide 2732204?
True
Is 10 a factor of 360?
True
Is 88136 a multiple of 31?
False
Does 167 divide 154258?
False
Does 11 divide 33809?
False
Is 1173539 a multiple of 57?
False
Does 12 divide 29304